{"id":304,"date":"2025-11-10T18:07:51","date_gmt":"2025-11-10T17:07:51","guid":{"rendered":"https:\/\/subrebost.com\/?page_id=304"},"modified":"2025-11-13T14:41:26","modified_gmt":"2025-11-13T13:41:26","slug":"les-livres-2","status":"publish","type":"page","link":"https:\/\/subrebost.com\/index.php\/les-livres-2\/","title":{"rendered":"MES LIVRES"},"content":{"rendered":"\n<p><\/p>\n\n\n\n<p><strong>Contre-feux (Maelstr\u00f6m Reevolution)<\/strong><\/p>\n\n\n\n<div class=\"wp-block-media-text is-stacked-on-mobile is-vertically-aligned-top\" style=\"grid-template-columns:45% auto\"><figure class=\"wp-block-media-text__media\"><img loading=\"lazy\" decoding=\"async\" width=\"600\" height=\"870\" src=\"https:\/\/subrebost.com\/wp-content\/uploads\/2025\/11\/ac4dbc5bf3793d268025746e30ceec34_L.jpg\" alt=\"\" class=\"wp-image-343 size-full\" srcset=\"https:\/\/subrebost.com\/wp-content\/uploads\/2025\/11\/ac4dbc5bf3793d268025746e30ceec34_L.jpg 600w, https:\/\/subrebost.com\/wp-content\/uploads\/2025\/11\/ac4dbc5bf3793d268025746e30ceec34_L-207x300.jpg 207w\" sizes=\"auto, (max-width: 600px) 100vw, 600px\" \/><\/figure><div class=\"wp-block-media-text__content\">\n<p>La nature c\u00e9l\u00e8bre la diff\u00e9rence.<br>La \u00ab r\u00e9publique immanente \u00bb, elle, la redoute, la traque, la corrige ou l\u2019efface \u2014 id\u00e9ologiquement, politiquement, polici\u00e8rement.<br>Car ce qu\u2019elle ne peut uniformiser, elle cherche \u00e0 contr\u00f4ler.<br>Ce qu\u2019elle ne comprend pas, elle d\u00e9signe comme coupable.<\/p>\n\n\n\n<p>Ici, la \u201ctransition\u201d n\u2019est pas une fin, mais un pr\u00e9texte : le miroir tendu \u00e0 un monde qui confond ordre et oppression, unit\u00e9 et effacement.<\/p>\n\n\n\n<p>Aller au-del\u00e0 des peurs et des normes.<br>Au-del\u00e0 du connu et de l\u2019impos\u00e9.<br>Au-del\u00e0 du par-del\u00e0.<br>Passer la fronti\u00e8re.<br>Oser oser.<br>\u00catre \u00eatre.<\/p>\n\n\n\n<p>Le pourra-t-elle ? Et si oui, qu\u2019en fera-t-elle ?<\/p>\n\n\n\n<p><strong>\u00ab Contre-Feux \u00bb<\/strong> n\u2019est pas une \u00e9pop\u00e9e dystopique de la transition m\u00eame si l&#8217;h\u00e9roine est une personne trans, mais une travers\u00e9e des r\u00e9sistances  une ode \u00e0 l\u2019\u00eatre, \u00e0 l\u2019\u00e9veil, \u00e0 la libert\u00e9 et au courage.<br>Un r\u00e9cit transgenre ou plut\u00f4t transm\u00e9dia  et polymorphe : roman, essai po\u00e9tique, bande dessin\u00e9e, graphisme, vid\u00e9o, performance \u2014 un seul souffle pour dire <strong>non \u00e0 l\u2019effacement<\/strong> et <strong>oui \u00e0 la diff\u00e9rence vivante.<\/strong><\/p>\n<\/div><\/div>\n\n\n\n<figure class=\"wp-block-embed is-type-video is-provider-youtube wp-block-embed-youtube wp-embed-aspect-16-9 wp-has-aspect-ratio\"><div class=\"wp-block-embed__wrapper\">\n<iframe loading=\"lazy\" title=\"Contre-Feux Bande annonce\" width=\"640\" height=\"360\" src=\"https:\/\/www.youtube.com\/embed\/qpIDd3G7uxA?feature=oembed\" frameborder=\"0\" allow=\"accelerometer; autoplay; clipboard-write; encrypted-media; gyroscope; picture-in-picture; web-share\" referrerpolicy=\"strict-origin-when-cross-origin\" allowfullscreen><\/iframe>\n<\/div><\/figure>\n\n\n\n<p><\/p>\n\n\n\n<p><\/p>\n\n\n\n<p><strong>La morale du termite (Detrad)<\/strong><\/p>\n\n\n\n<div class=\"wp-block-media-text is-stacked-on-mobile is-vertically-aligned-top\" style=\"grid-template-columns:35% auto\"><figure class=\"wp-block-media-text__media\"><img loading=\"lazy\" decoding=\"async\" width=\"704\" height=\"1000\" src=\"http:\/\/subrebost.com\/wp-content\/uploads\/2023\/07\/81Ygey0NBQL._AC_UF10001000_QL80_.jpg\" alt=\"\" class=\"wp-image-122 size-full\" srcset=\"https:\/\/subrebost.com\/wp-content\/uploads\/2023\/07\/81Ygey0NBQL._AC_UF10001000_QL80_.jpg 704w, https:\/\/subrebost.com\/wp-content\/uploads\/2023\/07\/81Ygey0NBQL._AC_UF10001000_QL80_-211x300.jpg 211w, https:\/\/subrebost.com\/wp-content\/uploads\/2023\/07\/81Ygey0NBQL._AC_UF10001000_QL80_-42x60.jpg 42w\" sizes=\"auto, (max-width: 704px) 100vw, 704px\" \/><\/figure><div class=\"wp-block-media-text__content\">\n<p>Le probl\u00e8me r\u00e9current dans ma mani\u00e8re d\u2019\u00eatre au monde, c\u2019est celui de la libert\u00e9. Non pas la libert\u00e9 de faire, mais celle d\u2019\u00eatre, celle qui pr\u00e9c\u00e8de tout choix, celle qui ne d\u00e9pend ni des lois, ni des dogmes, ni des cadres impos\u00e9s par d\u2019autres.<\/p>\n\n\n\n<p>Sommes-nous r\u00e9ellement libres ?<br>Ou bien ne faisons-nous qu\u2019ob\u00e9ir \u00e0 des formes invisibles de domination  politiques, religieuses, \u00e9conomiques, m\u00e9diatiques  qui ont colonis\u00e9 nos consciences au point de nous faire croire que notre servitude est naturelle ? Nous proclamons notre ind\u00e9pendance, mais vivons selon des sch\u00e9mas, des d\u00e9sirs et des peurs qui ne sont pas les n\u00f4tres. Nous portons la libert\u00e9 comme un slogan, mais rarement comme une exp\u00e9rience.<\/p>\n\n\n\n<p>Nous ressemblons de fait \u00e0 des termites.<br>Nous b\u00e2tissons, nous nous agitons, persuad\u00e9s de servir une \u0153uvre commune, alors que nous entretenons souvent les murs de notre propre prison. Nous r\u00e9p\u00e9tons les gestes appris, nous adh\u00e9rons \u00e0 des v\u00e9rit\u00e9s toutes faites, et nous appelons cela \u201cchoisir\u201d. Mais choisir quoi, si l\u2019origine du choix nous \u00e9chappe ?<br>Le v\u00e9ritable combat n\u2019est peut-\u00eatre pas de d\u00e9cider, mais de comprendre <em>ce qui d\u00e9cide en nous<\/em>.<br>La lucidit\u00e9 devient alors l\u2019acte r\u00e9volutionnaire par excellence. Voir, non plus avec les yeux du syst\u00e8me, mais avec la conscience \u00e9veill\u00e9e qui refuse les ordres silencieux. Rien n\u2019est fig\u00e9.<br>Au-del\u00e0 de la c\u00e9cit\u00e9 consentie et de la servitude ordinaire, il demeure un espace, un interstice dans le vacarme collectif , o\u00f9 la libert\u00e9 peut respirer \u00e0 nouveau. Cet espace, c\u2019est celui du discernement, du refus int\u00e9rieur, de la souverainet\u00e9 reconquise&#8230;l&#8217;acquisition de ce qu&#8217;ai appel\u00e9 &#8220;la morale de l&#8217;h\u00e9r\u00e9tique&#8221; (Etymologiquement celle ou celui qui a le choix&#8230;) .<\/p>\n\n\n\n<p>\u00catre libre, ce n\u2019est pas rompre tous les liens : c\u2019est distinguer ceux qui nourrissent de ceux qui \u00e9touffent. C\u2019est cesser de participer aveugl\u00e9ment au grand chantier de la termiti\u00e8re, pour retrouver le sens d\u2019un agir conscient, d\u2019une parole qui ne se plie plus aux ordres du roi ni aux d\u00e9sirs de la reine.<\/p>\n\n\n\n<p>La libert\u00e9 v\u00e9ritable n\u2019est pas donn\u00e9e, c&#8217;est une reconqu\u00eate de chaque jour.<br>Elle na\u00eet d\u2019un regard qui ose, d\u2019une pens\u00e9e qui se d\u00e9lie, d\u2019une humanit\u00e9 qui se souvient d\u2019elle-m\u00eame.<\/p>\n\n\n\n<p>Alors peut-\u00eatre pourrons-nous dire que le termite s\u2019est \u00e9veill\u00e9  et qu\u2019\u00e0 la place d\u2019une soci\u00e9t\u00e9 qui s\u2019affaire, surgit enfin une humanit\u00e9 qui <em>existe<\/em>.<\/p>\n<\/div><\/div>\n\n\n\n<figure class=\"wp-block-embed is-type-video is-provider-youtube wp-block-embed-youtube wp-embed-aspect-16-9 wp-has-aspect-ratio\"><div class=\"wp-block-embed__wrapper\">\n<iframe loading=\"lazy\" title=\"La morale du termite - bande annonce -\" width=\"640\" height=\"360\" src=\"https:\/\/www.youtube.com\/embed\/yOh18jGeyH0?feature=oembed\" frameborder=\"0\" allow=\"accelerometer; autoplay; clipboard-write; encrypted-media; gyroscope; picture-in-picture; web-share\" referrerpolicy=\"strict-origin-when-cross-origin\" allowfullscreen><\/iframe>\n<\/div><figcaption class=\"wp-element-caption\">La bande annonce&#8230;<\/figcaption><\/figure>\n\n\n\n<p><\/p>\n\n\n\n<p><strong>Les 10 Tableaux pour domestiquer le buffle( Dervy\/Tr\u00e9daniel)<\/strong><\/p>\n\n\n\n<div class=\"wp-block-media-text is-stacked-on-mobile is-vertically-aligned-top\" style=\"grid-template-columns:26% auto\"><figure class=\"wp-block-media-text__media\"><img loading=\"lazy\" decoding=\"async\" width=\"400\" height=\"619\" src=\"http:\/\/subrebost.com\/wp-content\/uploads\/2025\/11\/9782844549273_internet_h1400.jpg\" alt=\"\" class=\"wp-image-330 size-full\" srcset=\"https:\/\/subrebost.com\/wp-content\/uploads\/2025\/11\/9782844549273_internet_h1400.jpg 400w, https:\/\/subrebost.com\/wp-content\/uploads\/2025\/11\/9782844549273_internet_h1400-194x300.jpg 194w\" sizes=\"auto, (max-width: 400px) 100vw, 400px\" \/><\/figure><div class=\"wp-block-media-text__content\">\n<p>pour partir pour le Japon et une longue p\u00e9riode monastique, j&#8217;ai pris soin d&#8217;emporter un ensemble de feuilles photocopi\u00e9es d&#8217;un vieux texte accompagn\u00e9s d&#8217;images. L&#8217;histoire d&#8217;un paysan qui a perdu son buffle. Ce texte \u00e9tait consid\u00e9r\u00e9 comme un important texte de sagesse mais \u00e9tait alors pour moi, un livre muet. Ce n&#8217;est qu&#8217;apr\u00e8s mon s\u00e9jour dans ce beau Cipango que j&#8217;ai pu commencer \u00e0 la comprendre et a en faire une ex\u00e9g\u00e8se accessible \u00e0 ceux qui ne connaissent pas le zen ou la philosophie bouddhiste.<\/p>\n\n\n\n<p>Les &#8220;dix tableaux pour domestiquer le buffle&#8221; sont un de ces joyaux de sagesse que nous a donn\u00e9s en h\u00e9ritage notre humanit\u00e9. Cette s\u00e9rie de dessins, de po\u00e8mes, de commentaires est probablement l&#8217;une des premi\u00e8res m\u00e9thodes d&#8217;\u00e9veil multim\u00e9dias Elle nous montre comment redevenir &#8220;ma\u00eetre en sa maison&#8221;, devenir \u00e0 soi-m\u00eame sa propre lumi\u00e8re, s&#8217;\u00e9veiller au r\u00e9el pour vivre en pleine conscience, en sagesse, en chaque &#8220;ici et maintenant&#8221;, l&#8217;unit\u00e9 et la grande compassion avec le monde et toutes ses parties&#8230; Alain Subrchost est un personnage atypique, \u00e9crivain, essayiste, musicien, compositeur, vid\u00e9aste, conf\u00e9rencier qui, d&#8217;une mani\u00e8re simple et didactique, essaye de partager avec le plus grand nombre l&#8217;ensemble des outils de lib\u00e9ration, d&#8217;\u00e9veil, que l&#8217;humanit\u00e9 a su nous l\u00e9guer. Il a v\u00e9cu au japon au contact d&#8217;un des derniers ma\u00eetres zen d&#8217;apr\u00e8s-guerre, Narada Tangon roshi. Il est consid\u00e9r\u00e9 comme un des r\u00e9formateurs de la transmission en franc-ma\u00e7onnerie et est notamment l&#8217;initiateur du premier monast\u00e8re franc-ma\u00e7on et de sa r\u00e8gle.<\/p>\n\n\n\n<p><a href=\"https:\/\/www.amazon.fr\/Dix-tableaux-pour-domestiquer-buffle\/dp\/2844549276\/ref=sr_1_4?__mk_fr_FR=%C3%85M%C3%85%C5%BD%C3%95%C3%91&amp;crid=6V7PG7SK7PLV&amp;dib=eyJ2IjoiMSJ9.DMW5VibKJ1IFP5rYeYvj30TUHj2XJevJavDkHM5pfZL1o54SbPfkbKCgfW8abIS9UWFOWUGPHOQC5ts5A_p9bPVcSwuxAWIQxDESLpFIKSs.8nnm_GHG0LLFinEv9X_bZDvlvgcgJiF3kl5Qj8UfklY&amp;dib_tag=se&amp;keywords=subrebost&amp;qid=1762806322&amp;s=books&amp;sprefix=subrebost%2Cstripbooks%2C100&amp;sr=1-4#\"><\/a><\/p>\n<\/div><\/div>\n\n\n\n<p><\/p>\n\n\n\n<p><strong>Le d\u00e9veloppement personnel symbolique ou l&#8217;art royal r\u00e9v\u00e9l\u00e9 (Detrad)<\/strong><\/p>\n\n\n\n<div class=\"wp-block-media-text is-stacked-on-mobile is-vertically-aligned-top\" style=\"grid-template-columns:34% auto\"><figure class=\"wp-block-media-text__media\"><img loading=\"lazy\" decoding=\"async\" width=\"400\" height=\"561\" src=\"http:\/\/subrebost.com\/wp-content\/uploads\/2025\/11\/650569ca443f35c94eed68ad21198e4cfb3c6947831e26a65c9c5354018cc6ec.jpg\" alt=\"\" class=\"wp-image-329 size-full\" srcset=\"https:\/\/subrebost.com\/wp-content\/uploads\/2025\/11\/650569ca443f35c94eed68ad21198e4cfb3c6947831e26a65c9c5354018cc6ec.jpg 400w, https:\/\/subrebost.com\/wp-content\/uploads\/2025\/11\/650569ca443f35c94eed68ad21198e4cfb3c6947831e26a65c9c5354018cc6ec-214x300.jpg 214w\" sizes=\"auto, (max-width: 400px) 100vw, 400px\" \/><\/figure><div class=\"wp-block-media-text__content\">\n<p>POur ce livre j&#8217;ai essay\u00e9 de donner les clefs d&#8217;utilisation dans la plupart des domaines de la vie des outils et symboles que l&#8217;on trouve en Franc-ma\u00e7onnerie. Cela touche aussi bien l&#8217;intime, la psych\u00e9, les sentiments que les affaires du monde, la mise en place de strat\u00e9gie, la communication, le relationnel &#8230;car au fond la franc-ma\u00e7onnerie n&#8217;est qu&#8217;un chantier de soi et comme sur tous les chantiers du monde, on y trouve des outils&#8230;des savoirs, des us et coutumes&#8230;rien de secret l\u00e0-dedans ou de myst\u00e9rieux&#8230; <\/p>\n\n\n\n<p>Apr\u00e8s voir r\u00e9form\u00e9 la p\u00e9dagogie et la compr\u00e9hension de la Franc-ma\u00e7onnerie dans ces incontournables Petit manuel d&#8217;\u00e9veil et de pratique ma\u00e7onnique Tome 1 et Tome 2 et un salutaire d\u00e9tour par la philosophie de la libert\u00e9 avec La morale du termite, Alain Subrebost revient \u00e0 sa vocation de p\u00e9dagogue du symbole et de la Franc-ma\u00e7onnerie avec un concept assur\u00e9ment novateur d\u00e9velopp\u00e9 ici dans L&#8217;Art Royal r\u00e9v\u00e9l\u00e9. Ce premier opus tir\u00e9 de la s\u00e9rie &#8220;l&#8217;Aventure initiatique&#8221; et sous-titr\u00e9 &#8220;Le d\u00e9veloppement personnel symbolique&#8221; est un pas de plus vers l&#8217;utilisation concr\u00e8te du symbolisme et du cursus initiatique ma\u00e7onnique tant dans la r\u00e9alisation de soi que dans celle de projets. Gr\u00e2ce \u00e0 des explications et des exemples concrets, des mises en situations \u00e9crites mais aussi multim\u00e9dias (le livre contient des flashcodes qui renvoient \u00e0 des vid\u00e9os et autres documents sur un site web d\u00e9di\u00e9) le lecteur pourra s&#8217;immerger dans l&#8217;art ancestral de la libre construction de soi. L&#8217;Art Royal n&#8217;est d\u00e9sormais plus confin\u00e9e dans d&#8217;obscurs et complexes ouvrages. Il peut ainsi devenir un atout salutaire dans sa qu\u00eate d&#8217;\u00e9veil, de libert\u00e9, d&#8217;humanit\u00e9 comme de r\u00e9ussite personnelle, que l&#8217;on soit ma\u00e7on ou pas. Et si, la Franc-ma\u00e7onnerie, c&#8217;\u00e9tait plus simple qu&#8217;on ne l&#8217;imagine ?<\/p>\n<\/div><\/div>\n\n\n\n<p><strong>Petit Manuel d&#8217;\u00e9veil et de pratique ma\u00e7onnique Tome 1( Dervy\/Albin Michel)<\/strong><\/p>\n\n\n\n<div class=\"wp-block-media-text is-stacked-on-mobile is-vertically-aligned-top\" style=\"grid-template-columns:21% auto\"><figure class=\"wp-block-media-text__media\"><img loading=\"lazy\" decoding=\"async\" width=\"400\" height=\"645\" src=\"http:\/\/subrebost.com\/wp-content\/uploads\/2025\/11\/Petit-manuel-d-eveil-pratique-et-de-pratique-mac-onnique.jpg\" alt=\"\" class=\"wp-image-332 size-full\" srcset=\"https:\/\/subrebost.com\/wp-content\/uploads\/2025\/11\/Petit-manuel-d-eveil-pratique-et-de-pratique-mac-onnique.jpg 400w, https:\/\/subrebost.com\/wp-content\/uploads\/2025\/11\/Petit-manuel-d-eveil-pratique-et-de-pratique-mac-onnique-186x300.jpg 186w\" sizes=\"auto, (max-width: 400px) 100vw, 400px\" \/><\/figure><div class=\"wp-block-media-text__content\">\n<p>Un de mes premiers essais sur le symbolisme&#8230;<\/p>\n\n\n\n<p>Qui n&#8217;a pas r\u00eav\u00e9 d&#8217;avoir \u00e0 port\u00e9e de main un outil de d\u00e9veloppement personnel, de transformation, d&#8217;\u00e9l\u00e9vation qui ne soit pas esclave d&#8217;un syst\u00e8me dogmatique ? Qui n&#8217;a pas r\u00eav\u00e9 de se construire tout en accomplissant une oeuvre ? Nous avons tous plus ou moins les m\u00eames espoirs, les m\u00eames ambitions m\u00eame si elles se manifestent \u00e0 l&#8217;\u00e9vidence bien diff\u00e9remment. Nous souhaitons cependant tous r\u00e9ussir, nous r\u00e9aliser, \u00eatre heureux et libres de pouvoir diriger notre vie comme nous l&#8217;entendons. La franc-ma\u00e7onnerie est l&#8217;un des rares outils au monde \u00e0 apporter une telle possibilit\u00e9 en int\u00e9grant, dans une pratique du corps et de l&#8217;esprit, l&#8217;ensemble des composantes de ce qui nous fonde tant sur le plan personnel, social que spirituel. Il est temps d\u00e9sormais que ce noble outil ne soit plus confin\u00e9 dans la discr\u00e9tion des loges et puisse servir au plus grand nombre pour leur permettre de devenir enfin libre, c&#8217;est-\u00e0-dire franc&#8230;<\/p>\n<\/div><\/div>\n\n\n\n<p><\/p>\n\n\n\n<p><strong>Petit manuel d&#8217;\u00e9veil et de pratique ma\u00e7onnique Tome 2 ( Dervy\/Albin Michel)<\/strong><\/p>\n\n\n\n<div class=\"wp-block-media-text is-stacked-on-mobile is-vertically-aligned-top\" style=\"grid-template-columns:22% auto\"><figure class=\"wp-block-media-text__media\"><img loading=\"lazy\" decoding=\"async\" width=\"676\" height=\"1000\" src=\"http:\/\/subrebost.com\/wp-content\/uploads\/2025\/11\/51B7ChsU4EL._AC_UF10001000_QL80_.jpg\" alt=\"\" class=\"wp-image-328 size-full\" srcset=\"https:\/\/subrebost.com\/wp-content\/uploads\/2025\/11\/51B7ChsU4EL._AC_UF10001000_QL80_.jpg 676w, https:\/\/subrebost.com\/wp-content\/uploads\/2025\/11\/51B7ChsU4EL._AC_UF10001000_QL80_-203x300.jpg 203w\" sizes=\"auto, (max-width: 676px) 100vw, 676px\" \/><\/figure><div class=\"wp-block-media-text__content\">\n<p>La ma\u00eetrise<\/p>\n\n\n\n<p>Le deuxieme tome de cette s\u00e9rie :<\/p>\n\n\n\n<p>La franc-ma\u00e7onnerie est une \u00e9trange \u00e9cole qui \u00e9veille et \u00e9duque l&#8217;homme sans rien lui enseigner. C&#8217;est un outil de d\u00e9veloppement personnel, spirituel, qui loin de n&#8217;\u00eatre qu&#8217;une gymnastique intellectuelle et sp\u00e9culative, est avant tout une r\u00e9elle pratique op\u00e9rative. Ici l&#8217;oeuvre n&#8217;est pas de pierre mais de chair, d&#8217;\u00e2me et d&#8217;esprit. Apr\u00e8s les phases d&#8217;apprentissage et de compagnonnage qu&#8217;Alain Suhrebost a expliqu\u00e9es et d\u00e9velopp\u00e9es dans le premier tome du Petit manuel d&#8217;\u00c9veil et de pratique ma\u00e7onnique, il \u00e9veille ici le lecteur au grade ultime de la franc-ma\u00e7onnerie, celui de ma\u00eetre. L&#8217;auteur montre dans cet ouvrage, en utilisant les rites et symboles de la franc-ma\u00e7onnerie avec diff\u00e9rentes approches aussi originales que transclisciplinaires, comment l&#8217;initi\u00e9 atteint et r\u00e9alise, en acc\u00e9dant \u00e0 la ma\u00eetrise, un v\u00e9ritable art d&#8217;\u00eatre. Plus rien ne sera comme avant car il va passer enfin de l&#8217;autre cot\u00e9 du miroir pour en revenir, clans le meilleur des cas, \u00e0 jamais transform\u00e9.<\/p>\n<\/div><\/div>\n\n\n\n<p><\/p>\n\n\n\n<div class=\"wp-block-media-text has-media-on-the-right is-stacked-on-mobile\"><div class=\"wp-block-media-text__content\">\n<p><strong>La voix du proph\u00e8te ( livre audio avec Pierre Richard) ( Dervy\/Albin Michel)<\/strong><\/p>\n\n\n\n<p>Quel bonheur d&#8217;avoir pu rencontr\u00e9, travaill\u00e9, rire, refaire le monde avec cet immense acteur !!! Voil\u00e0 ce qu&#8217;il disait apr\u00e9s son s\u00e9jour en Dordogne&#8230;.<\/p>\n\n\n\n<p>Quel plaisir j&#8217;ai \u00e9prouv\u00e9 \u00e0 la lecture du Proph\u00e8te de Khalil Gibran ! Il fait vous dire que j&#8217;\u00e9tais dans un petit studio perdu dans la campagne de Dordogne, et si mes yeux quittaient le texte de Gibran, ils se posaient alors au-del\u00e0 des fen\u00eatres, sur de petites prairies verdoyantes et pentues qu&#8217;arpentaient deux ou trois vaches paisibles et indolentes. Je passais alors d&#8217;une s\u00e9r\u00e9nit\u00e9 \u00e0 l&#8217;autre. Comment ne pas \u00eatre serein moi-m\u00eame pour tenter de mettre en valeur les richesses d&#8217;un texte si profond et si simple \u00e0 la fois ? Si g\u00e9n\u00e9reux aussi, parce que accessible \u00e0 tous (je me m\u00e9fie des textes abscons qui ne s&#8217;adressent qu&#8217;\u00e0 l&#8217;\u00e9lite&#8221; !). Oui, Khalil Gibran aurait tout aussi bien pu surgir d&#8217;un bosquet du haut de la colline, et me faire un petit signe de la main que je n&#8217;en aurais pas \u00e9t\u00e9 plus \u00e9tonn\u00e9 que cela ! C&#8217;est vous dire l&#8217;\u00e9tat d&#8217;esprit dans lequel j&#8217;\u00e9tais alors ! L&#8217;\u00e9tat d&#8217;amour plut\u00f4t&#8230; Le soir. je sais rest\u00e9 dans le studio pour y dormir et m&#8217;y r\u00e9veiller le lendemain matin avec cette sublime pens\u00e9e de Khalil Gibran : &#8220;Se r\u00e9veiller \u00e0 l&#8217;aube avec des ailes au coeur et des actions de gr\u00e2ce pour cette nouvelle journ\u00e9e d&#8217;amour&#8230;&#8221; &#8221; Pierre Richard<\/p>\n<\/div><figure class=\"wp-block-media-text__media\"><img loading=\"lazy\" decoding=\"async\" width=\"340\" height=\"340\" src=\"https:\/\/subrebost.com\/wp-content\/uploads\/2025\/11\/La-Voix-du-prophete.jpg\" alt=\"\" class=\"wp-image-323 size-full\" srcset=\"https:\/\/subrebost.com\/wp-content\/uploads\/2025\/11\/La-Voix-du-prophete.jpg 340w, https:\/\/subrebost.com\/wp-content\/uploads\/2025\/11\/La-Voix-du-prophete-300x300.jpg 300w, https:\/\/subrebost.com\/wp-content\/uploads\/2025\/11\/La-Voix-du-prophete-150x150.jpg 150w\" sizes=\"auto, (max-width: 340px) 100vw, 340px\" \/><\/figure><\/div>\n\n\n\n<p><a href=\"https:\/\/www.maelstromreevolution.org\/catalogue\/item\/841-56-descentes-dans-le-maelstroem\"><\/a><\/p>\n\n\n\n<p><a href=\"https:\/\/www.maelstromreevolution.org\/catalogue\/item\/841-56-descentes-dans-le-maelstroem\"><\/a><\/p>\n\n\n\n<ol class=\"wp-block-list\">\n<li><\/li>\n<\/ol>\n","protected":false},"excerpt":{"rendered":"<p>Contre-feux (Maelstr\u00f6m Reevolution) La nature c\u00e9l\u00e8bre la diff\u00e9rence.La \u00ab r\u00e9publique immanente \u00bb, elle, la redoute, la traque, la corrige ou l\u2019efface \u2014 id\u00e9ologiquement, politiquement, polici\u00e8rement.Car ce qu\u2019elle ne peut uniformiser, elle cherche \u00e0 contr\u00f4ler.Ce qu\u2019elle ne comprend pas, elle d\u00e9signe comme coupable. Ici, la \u201ctransition\u201d n\u2019est pas une fin, mais un pr\u00e9texte : le miroir [&hellip;]<\/p>\n","protected":false},"author":1,"featured_media":0,"parent":0,"menu_order":0,"comment_status":"closed","ping_status":"closed","template":"","meta":{"footnotes":""},"class_list":["post-304","page","type-page","status-publish","hentry"],"_links":{"self":[{"href":"https:\/\/subrebost.com\/index.php\/wp-json\/wp\/v2\/pages\/304","targetHints":{"allow":["GET"]}}],"collection":[{"href":"https:\/\/subrebost.com\/index.php\/wp-json\/wp\/v2\/pages"}],"about":[{"href":"https:\/\/subrebost.com\/index.php\/wp-json\/wp\/v2\/types\/page"}],"author":[{"embeddable":true,"href":"https:\/\/subrebost.com\/index.php\/wp-json\/wp\/v2\/users\/1"}],"replies":[{"embeddable":true,"href":"https:\/\/subrebost.com\/index.php\/wp-json\/wp\/v2\/comments?post=304"}],"version-history":[{"count":32,"href":"https:\/\/subrebost.com\/index.php\/wp-json\/wp\/v2\/pages\/304\/revisions"}],"predecessor-version":[{"id":597,"href":"https:\/\/subrebost.com\/index.php\/wp-json\/wp\/v2\/pages\/304\/revisions\/597"}],"wp:attachment":[{"href":"https:\/\/subrebost.com\/index.php\/wp-json\/wp\/v2\/media?parent=304"}],"curies":[{"name":"wp","href":"https:\/\/api.w.org\/{rel}","templated":true}]}}