{"id":196,"date":"2025-03-08T15:08:31","date_gmt":"2025-03-08T14:08:31","guid":{"rendered":"https:\/\/subrebost.com\/?page_id=196"},"modified":"2025-11-10T16:48:11","modified_gmt":"2025-11-10T15:48:11","slug":"electrokorps","status":"publish","type":"page","link":"https:\/\/subrebost.com\/index.php\/electrokorps\/","title":{"rendered":"ELECTROKORPS"},"content":{"rendered":"\n<div class=\"wp-block-media-text is-stacked-on-mobile\"><figure class=\"wp-block-media-text__media\"><img loading=\"lazy\" decoding=\"async\" width=\"1024\" height=\"1024\" src=\"http:\/\/subrebost.com\/wp-content\/uploads\/2025\/03\/electrokorps-tweny-1024x1024.jpg\" alt=\"\" class=\"wp-image-197 size-full\" srcset=\"https:\/\/subrebost.com\/wp-content\/uploads\/2025\/03\/electrokorps-tweny-1024x1024.jpg 1024w, https:\/\/subrebost.com\/wp-content\/uploads\/2025\/03\/electrokorps-tweny-300x300.jpg 300w, https:\/\/subrebost.com\/wp-content\/uploads\/2025\/03\/electrokorps-tweny-150x150.jpg 150w, https:\/\/subrebost.com\/wp-content\/uploads\/2025\/03\/electrokorps-tweny-768x768.jpg 768w, https:\/\/subrebost.com\/wp-content\/uploads\/2025\/03\/electrokorps-tweny.jpg 1444w\" sizes=\"auto, (max-width: 1024px) 100vw, 1024px\" \/><\/figure><div class=\"wp-block-media-text__content\">\n<p><em>Electrokorps est un projet musical n\u00e9 en 2023   plein P<\/em>\u00e9<em>rigord au c\u0153ur de la Nouvelle-Aquitaine. Fond\u00e9 par l\u2019artiste multi-instrumentiste Carole-Anne, Electrokorps m\u00e9lange \u00e9lectro, new soul, et electronica, EBM, industriel EDM, electro punk tout en int\u00e9grant des influences aussi vari\u00e9es que le blues, la techno et la musique classique.<\/em><\/p>\n\n\n\n<p>D\u00e8s ses premi\u00e8res performances, Electrokorps a essay\u00e9 de se d\u00e9marqu\u00e9 par des concerts intenses et immersifs, combinant machines, synth\u00e9tiseurs et percussions acoustiques (bass drum de concert, cymbales) pour une exp\u00e9rience live a chaque fois unique car l&#8217;improvisation qui joue un r\u00f4le important dans sa pratique musicale permet une interaction spontan\u00e9e avec le public et une adaptation \u00e0 l\u2019esprit du moment.<\/p>\n\n\n\n<p>Les morceaux d&#8217;Electrokorps sont disponibles sur toutes les plateformes de streaming par le biais de believe et ont d\u00e9j\u00e0 \u00e9t\u00e9 diffus\u00e9s sur plusieurs radios locales. En 2023, le projet a sign\u00e9 un contrat pour la musique \u00e0 l&#8217;image avec Tweny Music&#8230;<\/p>\n\n\n\n<p>Ce qui a distingu\u00e9 \u00e9galement Electrokorps dans ses premiers concerts, c\u2019est son choix de lieux de concert. En 2023, les performances se sont tenues dans des environnements atypiques comme des champignonni\u00e8res ou des espaces en plein air, des carri\u00e9res, sur des parvis de ch\u00e2teaux en ruines, souvent accompagn\u00e9es de projections visuelles sur des monuments historiques.( Chateau et festival de Marthon (16), Les carri\u00e8res de Lugasson(33), le ch\u00e2teau de Chalus ( 87) etc.<\/p>\n\n\n\n<p>L\u2019objectif principal pour 2025 est de renforcer sa notori\u00e9t\u00e9 en se produisant sur des sc\u00e8nes plus grandes et des festivals d\u2019envergure, tout en augmentant sa pr\u00e9sence sur les r\u00e9seaux sociaux et les radios \u00e0 l\u2019\u00e9chelle nationale et internationale.<\/p>\n\n\n\n<p><a href=\"http:\/\/electrokorps.com\/\">http:\/\/electrokorps.com\/<\/a><\/p>\n<\/div><\/div>\n\n\n\n<figure class=\"wp-block-embed is-type-rich is-provider-spotify wp-block-embed-spotify wp-embed-aspect-21-9 wp-has-aspect-ratio\"><div class=\"wp-block-embed__wrapper\">\n<iframe title=\"Spotify Embed: Electrokorps\" style=\"border-radius: 12px\" width=\"100%\" height=\"352\" frameborder=\"0\" allowfullscreen allow=\"autoplay; clipboard-write; encrypted-media; fullscreen; picture-in-picture\" loading=\"lazy\" src=\"https:\/\/open.spotify.com\/embed\/artist\/6NvPAueEWF9dNXpsLLUlEO?utm_source=oembed\"><\/iframe>\n<\/div><\/figure>\n\n\n\n<p><\/p>\n\n\n\n<figure class=\"wp-block-embed is-type-video is-provider-youtube wp-block-embed-youtube wp-embed-aspect-16-9 wp-has-aspect-ratio\"><div class=\"wp-block-embed__wrapper\">\n<iframe loading=\"lazy\" title=\"IN CAGE\" width=\"640\" height=\"360\" src=\"https:\/\/www.youtube.com\/embed\/YIQogPSkvSE?feature=oembed\" frameborder=\"0\" allow=\"accelerometer; autoplay; clipboard-write; encrypted-media; gyroscope; picture-in-picture; web-share\" referrerpolicy=\"strict-origin-when-cross-origin\" allowfullscreen><\/iframe>\n<\/div><\/figure>\n\n\n\n<figure class=\"wp-block-embed is-type-video is-provider-youtube wp-block-embed-youtube wp-embed-aspect-16-9 wp-has-aspect-ratio\"><div class=\"wp-block-embed__wrapper\">\n<iframe loading=\"lazy\" title=\"HUNGER AND WRATH\" width=\"640\" height=\"360\" src=\"https:\/\/www.youtube.com\/embed\/5yrDp6k2_yc?feature=oembed\" frameborder=\"0\" allow=\"accelerometer; autoplay; clipboard-write; encrypted-media; gyroscope; picture-in-picture; web-share\" referrerpolicy=\"strict-origin-when-cross-origin\" allowfullscreen><\/iframe>\n<\/div><\/figure>\n","protected":false},"excerpt":{"rendered":"<p>Electrokorps est un projet musical n\u00e9 en 2023 plein P\u00e9rigord au c\u0153ur de la Nouvelle-Aquitaine. Fond\u00e9 par l\u2019artiste multi-instrumentiste Carole-Anne, Electrokorps m\u00e9lange \u00e9lectro, new soul, et electronica, EBM, industriel EDM, electro punk tout en int\u00e9grant des influences aussi vari\u00e9es que le blues, la techno et la musique classique. D\u00e8s ses premi\u00e8res performances, Electrokorps a essay\u00e9 [&hellip;]<\/p>\n","protected":false},"author":1,"featured_media":0,"parent":0,"menu_order":0,"comment_status":"closed","ping_status":"closed","template":"","meta":{"footnotes":""},"class_list":["post-196","page","type-page","status-publish","hentry"],"_links":{"self":[{"href":"https:\/\/subrebost.com\/index.php\/wp-json\/wp\/v2\/pages\/196","targetHints":{"allow":["GET"]}}],"collection":[{"href":"https:\/\/subrebost.com\/index.php\/wp-json\/wp\/v2\/pages"}],"about":[{"href":"https:\/\/subrebost.com\/index.php\/wp-json\/wp\/v2\/types\/page"}],"author":[{"embeddable":true,"href":"https:\/\/subrebost.com\/index.php\/wp-json\/wp\/v2\/users\/1"}],"replies":[{"embeddable":true,"href":"https:\/\/subrebost.com\/index.php\/wp-json\/wp\/v2\/comments?post=196"}],"version-history":[{"count":4,"href":"https:\/\/subrebost.com\/index.php\/wp-json\/wp\/v2\/pages\/196\/revisions"}],"predecessor-version":[{"id":281,"href":"https:\/\/subrebost.com\/index.php\/wp-json\/wp\/v2\/pages\/196\/revisions\/281"}],"wp:attachment":[{"href":"https:\/\/subrebost.com\/index.php\/wp-json\/wp\/v2\/media?parent=196"}],"curies":[{"name":"wp","href":"https:\/\/api.w.org\/{rel}","templated":true}]}}